{"id":1903,"date":"2021-02-06T18:36:06","date_gmt":"2021-02-06T17:36:06","guid":{"rendered":"http:\/\/www.sprunginsleben.de\/?page_id=1903"},"modified":"2022-04-11T09:52:13","modified_gmt":"2022-04-11T07:52:13","slug":"aktiv-werden","status":"publish","type":"page","link":"https:\/\/www.sprunginsleben.de\/?page_id=1903&lang=de","title":{"rendered":"Aktiv werden"},"content":{"rendered":"\n<p>Wir freuen wir uns \u00fcber Unterst\u00fctzung jeder Art!<\/p>\n\n\n\n<h3>Mitgliedschaft und Patenschaft<\/h3>\n\n\n\n<p>Sie k\u00f6nnen sich durch Ideen, Tatkraft und Engagement bei uns einbringen. Werden Sie aktives oder passives Mitglied (<a href=\"https:\/\/www.sprunginsleben.de\/wp-content\/uploads\/2022\/01\/Beitrittserklaerung_de.pdf\" data-type=\"URL\" data-id=\"https:\/\/www.sprunginsleben.de\/wp-content\/uploads\/2022\/01\/Beitrittserklaerung_de.pdf\">Beitrittserkl\u00e4rung<\/a>).<\/p>\n\n\n\n<p>Ab dem 1.1.2022 gelten die folgenden Mitgliedsbeitr\u00e4ge:<\/p>\n\n\n\n<ul><li>Regul\u00e4rer Mitgliedsbeitrag: 40,00 EUR pro Jahr<\/li><li>F\u00f6rderbeitrag: 80,00 EUR pro Jahr<\/li><li>Erm\u00e4\u00dfigter Beitrag f\u00fcr Sch\u00fcler*innen, Studierende und Personen, die Transferleistungen erhalten: 15,00 EUR pro Jahr<\/li><\/ul>\n\n\n\n<p><\/p>\n\n\n\n<h3>H\u00f6ren und schauen Sie rein!<\/h3>\n\n\n\n<p>Besuchen Sie uns auf unserem <a href=\"https:\/\/www.youtube.com\/channel\/UCPhkrOpG-JgIxpBtcw3ifMQ\/featured\">Youtube-Kanal<\/a> oder auf <a href=\"https:\/\/www.facebook.com\/SprunginsLeben\/\">Facebook<\/a>, wo wir regelm\u00e4\u00dfig \u00fcber neue Sch\u00fctzlinge und Aktionen des Vereins berichten.&nbsp;Au\u00dferdem freuen wir uns, wenn Sie unseren SiL-Newsletter abonnieren m\u00f6chten. Schreiben Sie uns einfach eine E-Mail an info@sprunginsleben.de, dann nehmen wir Sie gerne in unseren Verteiler auf und halten Sie \u00fcber alle Neuigkeiten rund um den Verein auf dem Laufenden.<\/p>\n\n\n\n<p><\/p>\n\n\n\n<h3>Spenden<\/h3>\n\n\n\n<p>Wir freuen uns \u00fcber jede Spende und stellen Ihnen gerne eine Spendenbescheinigung aus. Weitere Informationen finden Sie <a href=\"https:\/\/www.sprunginsleben.de\/?page_id=1901&amp;lang=de\">hier<\/a>. <\/p>\n","protected":false},"excerpt":{"rendered":"<p>Wir freuen wir uns \u00fcber Unterst\u00fctzung jeder Art! Mitgliedschaft und Patenschaft Sie k\u00f6nnen sich durch Ideen, Tatkraft und Engagement bei uns einbringen. Werden Sie aktives oder passives Mitglied (Beitrittserkl\u00e4rung). Ab dem 1.1.2022 gelten die folgenden Mitgliedsbeitr\u00e4ge: Regul\u00e4rer Mitgliedsbeitrag: 40,00 EUR pro Jahr F\u00f6rderbeitrag: 80,00 EUR pro Jahr Erm\u00e4\u00dfigter Beitrag f\u00fcr Sch\u00fcler*innen, Studierende und Personen, die [&hellip;]<\/p>\n","protected":false},"author":6,"featured_media":1405,"parent":0,"menu_order":0,"comment_status":"closed","ping_status":"closed","template":"","meta":{"_uag_custom_page_level_css":""},"uagb_featured_image_src":{"full":["https:\/\/www.sprunginsleben.de\/wp-content\/uploads\/2017\/05\/Cocktailstand2017-e1617477162890.jpg",1024,399,false],"thumbnail":["https:\/\/www.sprunginsleben.de\/wp-content\/uploads\/2017\/05\/Cocktailstand2017-e1617477162890-150x150.jpg",150,150,true],"medium":["https:\/\/www.sprunginsleben.de\/wp-content\/uploads\/2017\/05\/Cocktailstand2017-e1617477162890-300x117.jpg",300,117,true],"medium_large":["https:\/\/www.sprunginsleben.de\/wp-content\/uploads\/2017\/05\/Cocktailstand2017-e1617477162890.jpg",1024,399,false],"large":["https:\/\/www.sprunginsleben.de\/wp-content\/uploads\/2017\/05\/Cocktailstand2017-1024x768.jpg",640,480,true],"1536x1536":["https:\/\/www.sprunginsleben.de\/wp-content\/uploads\/2017\/05\/Cocktailstand2017-e1617477162890.jpg",1024,399,false],"2048x2048":["https:\/\/www.sprunginsleben.de\/wp-content\/uploads\/2017\/05\/Cocktailstand2017-e1617477162890.jpg",1024,399,false],"charity-fundraiser-homepage-thumb":["https:\/\/www.sprunginsleben.de\/wp-content\/uploads\/2017\/05\/Cocktailstand2017-e1617477162890-240x145.jpg",240,145,true]},"uagb_author_info":{"display_name":"Angus","author_link":"https:\/\/www.sprunginsleben.de\/?author=6"},"uagb_comment_info":0,"uagb_excerpt":"Wir freuen wir uns \u00fcber Unterst\u00fctzung jeder Art! Mitgliedschaft und Patenschaft Sie k\u00f6nnen sich durch Ideen, Tatkraft und Engagement bei uns einbringen. Werden Sie aktives oder passives Mitglied (Beitrittserkl\u00e4rung). Ab dem 1.1.2022 gelten die folgenden Mitgliedsbeitr\u00e4ge: Regul\u00e4rer Mitgliedsbeitrag: 40,00 EUR pro Jahr F\u00f6rderbeitrag: 80,00 EUR pro Jahr Erm\u00e4\u00dfigter Beitrag f\u00fcr Sch\u00fcler*innen, Studierende und Personen, die&hellip;","_links":{"self":[{"href":"https:\/\/www.sprunginsleben.de\/index.php?rest_route=\/wp\/v2\/pages\/1903"}],"collection":[{"href":"https:\/\/www.sprunginsleben.de\/index.php?rest_route=\/wp\/v2\/pages"}],"about":[{"href":"https:\/\/www.sprunginsleben.de\/index.php?rest_route=\/wp\/v2\/types\/page"}],"author":[{"embeddable":true,"href":"https:\/\/www.sprunginsleben.de\/index.php?rest_route=\/wp\/v2\/users\/6"}],"replies":[{"embeddable":true,"href":"https:\/\/www.sprunginsleben.de\/index.php?rest_route=%2Fwp%2Fv2%2Fcomments&post=1903"}],"version-history":[{"count":0,"href":"https:\/\/www.sprunginsleben.de\/index.php?rest_route=\/wp\/v2\/pages\/1903\/revisions"}],"wp:featuredmedia":[{"embeddable":true,"href":"https:\/\/www.sprunginsleben.de\/index.php?rest_route=\/wp\/v2\/media\/1405"}],"wp:attachment":[{"href":"https:\/\/www.sprunginsleben.de\/index.php?rest_route=%2Fwp%2Fv2%2Fmedia&parent=1903"}],"curies":[{"name":"wp","href":"https:\/\/api.w.org\/{rel}","templated":true}]}}