{"id":1933,"date":"2021-03-25T18:31:39","date_gmt":"2021-03-25T17:31:39","guid":{"rendered":"https:\/\/www.sprunginsleben.de\/?page_id=1933"},"modified":"2023-02-05T14:54:25","modified_gmt":"2023-02-05T13:54:25","slug":"philippa-mund-vorsitzende","status":"publish","type":"page","link":"https:\/\/www.sprunginsleben.de\/?page_id=1933&lang=de","title":{"rendered":"Philippa Mund, Gr\u00fcnderin des Vereins und Vorsitzende"},"content":{"rendered":"\n<p><strong>Unser erster Sch\u00fctzling, Steven, ist f\u00fcr Vereinsgr\u00fcnderin und Vorsitzende Philippa voll des Lobes: \u201eIch erinnere mich sehr gut an den Tag, an dem ich meine ersten Prothesen bekommen habe: Das war der gl\u00fccklichste Tag meines Lebens! Ohne Philippa w\u00e4re all das nicht m\u00f6glich gewesen und mein Leben h\u00e4tte eine ganz andere Wendung genommen.\u201c&nbsp;<\/strong><\/p>\n\n\n\n<p>Mit dem Abitur in der Tasche machte sich Philippa 2008 zu einem Freiwilligendienst im Kinderkrankenhaus Baca Ortiz in Ecuadors Hauptstadt Quito auf. Dort traf sie Steven, der nach einem Unfall Arm und Bein verloren hatte. Mit Stevens ersten Prothesen war der Verein geboren. Noch heute ist an den Verein ohne Philippa, die mit ihrem Mann Markku und der gemeinsamen Tochter in Basel lebt, nicht zu denken. Ihre pers\u00f6nlichen Kontakte nach Quito sowie in ihr Heimatdorf Spielberg, aus der die meisten unserer SpenderInnen und Mitglieder kommen, sichern den nachhaltigen Erfolg f\u00fcr die Prothesenversorgung der Kinder in Ecuador. Philippa ist auch beruflich in der Entwicklungszusammenarbeit t\u00e4tig und begleitet das Landesprogramm Guatemala sowie das Thema Gender in den Programmen beim Hilfswerk Fastenopfer.<\/p>\n","protected":false},"excerpt":{"rendered":"<p>Unser erster Sch\u00fctzling, Steven, ist f\u00fcr Vereinsgr\u00fcnderin und Vorsitzende Philippa voll des Lobes: \u201eIch erinnere mich sehr gut an den Tag, an dem ich meine ersten Prothesen bekommen habe: Das war der gl\u00fccklichste Tag meines Lebens! Ohne Philippa w\u00e4re all das nicht m\u00f6glich gewesen und mein Leben h\u00e4tte eine ganz andere Wendung genommen.\u201c&nbsp; Mit dem [&hellip;]<\/p>\n","protected":false},"author":7,"featured_media":2041,"parent":0,"menu_order":0,"comment_status":"closed","ping_status":"closed","template":"","meta":{"_uag_custom_page_level_css":""},"uagb_featured_image_src":{"full":["https:\/\/www.sprunginsleben.de\/wp-content\/uploads\/2021\/04\/US_20180319_242-copy-scaled-e1617568168511.jpg",2431,461,false],"thumbnail":["https:\/\/www.sprunginsleben.de\/wp-content\/uploads\/2021\/04\/US_20180319_242-copy-scaled-e1617568168511-150x150.jpg",150,150,true],"medium":["https:\/\/www.sprunginsleben.de\/wp-content\/uploads\/2021\/04\/US_20180319_242-copy-scaled-e1617568168511-300x57.jpg",300,57,true],"medium_large":["https:\/\/www.sprunginsleben.de\/wp-content\/uploads\/2021\/04\/US_20180319_242-copy-scaled-e1617568168511.jpg",2431,461,false],"large":["https:\/\/www.sprunginsleben.de\/wp-content\/uploads\/2021\/04\/US_20180319_242-copy-scaled-e1617568168511-1024x194.jpg",640,121,true],"1536x1536":["https:\/\/www.sprunginsleben.de\/wp-content\/uploads\/2021\/04\/US_20180319_242-copy-scaled-e1617568168511-1536x291.jpg",1536,291,true],"2048x2048":["https:\/\/www.sprunginsleben.de\/wp-content\/uploads\/2021\/04\/US_20180319_242-copy-scaled-e1617568168511-2048x388.jpg",2048,388,true],"charity-fundraiser-homepage-thumb":["https:\/\/www.sprunginsleben.de\/wp-content\/uploads\/2021\/04\/US_20180319_242-copy-scaled-e1617568168511-240x145.jpg",240,145,true]},"uagb_author_info":{"display_name":"Sophia Fisher","author_link":"https:\/\/www.sprunginsleben.de\/?author=7"},"uagb_comment_info":0,"uagb_excerpt":"Unser erster Sch\u00fctzling, Steven, ist f\u00fcr Vereinsgr\u00fcnderin und Vorsitzende Philippa voll des Lobes: \u201eIch erinnere mich sehr gut an den Tag, an dem ich meine ersten Prothesen bekommen habe: Das war der gl\u00fccklichste Tag meines Lebens! Ohne Philippa w\u00e4re all das nicht m\u00f6glich gewesen und mein Leben h\u00e4tte eine ganz andere Wendung genommen.\u201c&nbsp; Mit dem&hellip;","_links":{"self":[{"href":"https:\/\/www.sprunginsleben.de\/index.php?rest_route=\/wp\/v2\/pages\/1933"}],"collection":[{"href":"https:\/\/www.sprunginsleben.de\/index.php?rest_route=\/wp\/v2\/pages"}],"about":[{"href":"https:\/\/www.sprunginsleben.de\/index.php?rest_route=\/wp\/v2\/types\/page"}],"author":[{"embeddable":true,"href":"https:\/\/www.sprunginsleben.de\/index.php?rest_route=\/wp\/v2\/users\/7"}],"replies":[{"embeddable":true,"href":"https:\/\/www.sprunginsleben.de\/index.php?rest_route=%2Fwp%2Fv2%2Fcomments&post=1933"}],"version-history":[{"count":0,"href":"https:\/\/www.sprunginsleben.de\/index.php?rest_route=\/wp\/v2\/pages\/1933\/revisions"}],"wp:featuredmedia":[{"embeddable":true,"href":"https:\/\/www.sprunginsleben.de\/index.php?rest_route=\/wp\/v2\/media\/2041"}],"wp:attachment":[{"href":"https:\/\/www.sprunginsleben.de\/index.php?rest_route=%2Fwp%2Fv2%2Fmedia&parent=1933"}],"curies":[{"name":"wp","href":"https:\/\/api.w.org\/{rel}","templated":true}]}}