{"id":2348,"date":"2023-02-05T14:57:56","date_gmt":"2023-02-05T13:57:56","guid":{"rendered":"https:\/\/www.sprunginsleben.de\/?page_id=2348"},"modified":"2023-02-05T14:57:56","modified_gmt":"2023-02-05T13:57:56","slug":"isabel-kleitsch-vicepresidenta","status":"publish","type":"page","link":"https:\/\/www.sprunginsleben.de\/?page_id=2348&lang=es","title":{"rendered":"Isabel Kleitsch, Vicepresidenta"},"content":{"rendered":"\n<p><strong>&#8220;Siempre me impresiona el trato profesional y cari\u00f1oso que reciben nuestros beneficiarios en la Fundaci\u00f3n Hermano Miguel&#8221;.<\/strong><\/p>\n\n\n\n<p>Nuestra vicepresidenta descubri\u00f3 su amor por Am\u00e9rica Latina en 2006: durante un intercambio estudiantil en Argentina, no s\u00f3lo aprendi\u00f3 espa\u00f1ol, sino que estableci\u00f3 estrechos contactos en la regi\u00f3n. Miembro activo desde la fundaci\u00f3n \u201cSprung ins Leben\u201d, Isabel asumi\u00f3 la vicepresidencia en 2015. En esta funci\u00f3n se encarga, entre otras cosas, de que nuestros miembros est\u00e9n siempre bien informados sobre los informes de gesti\u00f3n y las reuniones de la asociaci\u00f3n. Se encarga tambi\u00e9n de mantener el contacto con Ecuador. En 2018 tuvo la oportunidad de conocer personalmente la Fundaci\u00f3n Hermano Miguel y a muchos de nuestros beneficiarios. Despu\u00e9s de trabajar varios a\u00f1os en la gesti\u00f3n de proyectos del Banco Estatal de Desarrollo KfW, comenz\u00f3 en 2020 un segundo m\u00e1ster en Pol\u00edticas P\u00fablicas en la Universidad de Harvard, en Boston.<\/p>\n","protected":false},"excerpt":{"rendered":"<p>&#8220;Siempre me impresiona el trato profesional y cari\u00f1oso que reciben nuestros beneficiarios en la Fundaci\u00f3n Hermano Miguel&#8221;. Nuestra vicepresidenta descubri\u00f3 su amor por Am\u00e9rica Latina en 2006: durante un intercambio estudiantil en Argentina, no s\u00f3lo aprendi\u00f3 espa\u00f1ol, sino que estableci\u00f3 estrechos contactos en la regi\u00f3n. Miembro activo desde la fundaci\u00f3n \u201cSprung ins Leben\u201d, Isabel asumi\u00f3 [&hellip;]<\/p>\n","protected":false},"author":6,"featured_media":2044,"parent":0,"menu_order":0,"comment_status":"closed","ping_status":"closed","template":"","meta":{"_uag_custom_page_level_css":""},"uagb_featured_image_src":{"full":["https:\/\/www.sprunginsleben.de\/wp-content\/uploads\/2021\/04\/US_20180319_271-copy-scaled-e1646647487205.jpg",1625,381,false],"thumbnail":["https:\/\/www.sprunginsleben.de\/wp-content\/uploads\/2021\/04\/US_20180319_271-copy-scaled-e1646647487205-150x150.jpg",150,150,true],"medium":["https:\/\/www.sprunginsleben.de\/wp-content\/uploads\/2021\/04\/US_20180319_271-copy-scaled-e1646647487205-300x70.jpg",300,70,true],"medium_large":["https:\/\/www.sprunginsleben.de\/wp-content\/uploads\/2021\/04\/US_20180319_271-copy-scaled-e1646647487205.jpg",1625,381,false],"large":["https:\/\/www.sprunginsleben.de\/wp-content\/uploads\/2021\/04\/US_20180319_271-copy-scaled-e1646647487205-1024x240.jpg",640,150,true],"1536x1536":["https:\/\/www.sprunginsleben.de\/wp-content\/uploads\/2021\/04\/US_20180319_271-copy-scaled-e1646647487205-1536x360.jpg",1536,360,true],"2048x2048":["https:\/\/www.sprunginsleben.de\/wp-content\/uploads\/2021\/04\/US_20180319_271-copy-scaled-e1617540141156-2048x1366.jpg",2048,1366,true],"charity-fundraiser-homepage-thumb":["https:\/\/www.sprunginsleben.de\/wp-content\/uploads\/2021\/04\/US_20180319_271-copy-scaled-e1646647487205-240x145.jpg",240,145,true]},"uagb_author_info":{"display_name":"Angus","author_link":"https:\/\/www.sprunginsleben.de\/?author=6"},"uagb_comment_info":0,"uagb_excerpt":"&#8220;Siempre me impresiona el trato profesional y cari\u00f1oso que reciben nuestros beneficiarios en la Fundaci\u00f3n Hermano Miguel&#8221;. Nuestra vicepresidenta descubri\u00f3 su amor por Am\u00e9rica Latina en 2006: durante un intercambio estudiantil en Argentina, no s\u00f3lo aprendi\u00f3 espa\u00f1ol, sino que estableci\u00f3 estrechos contactos en la regi\u00f3n. Miembro activo desde la fundaci\u00f3n \u201cSprung ins Leben\u201d, Isabel asumi\u00f3&hellip;","_links":{"self":[{"href":"https:\/\/www.sprunginsleben.de\/index.php?rest_route=\/wp\/v2\/pages\/2348"}],"collection":[{"href":"https:\/\/www.sprunginsleben.de\/index.php?rest_route=\/wp\/v2\/pages"}],"about":[{"href":"https:\/\/www.sprunginsleben.de\/index.php?rest_route=\/wp\/v2\/types\/page"}],"author":[{"embeddable":true,"href":"https:\/\/www.sprunginsleben.de\/index.php?rest_route=\/wp\/v2\/users\/6"}],"replies":[{"embeddable":true,"href":"https:\/\/www.sprunginsleben.de\/index.php?rest_route=%2Fwp%2Fv2%2Fcomments&post=2348"}],"version-history":[{"count":0,"href":"https:\/\/www.sprunginsleben.de\/index.php?rest_route=\/wp\/v2\/pages\/2348\/revisions"}],"wp:featuredmedia":[{"embeddable":true,"href":"https:\/\/www.sprunginsleben.de\/index.php?rest_route=\/wp\/v2\/media\/2044"}],"wp:attachment":[{"href":"https:\/\/www.sprunginsleben.de\/index.php?rest_route=%2Fwp%2Fv2%2Fmedia&parent=2348"}],"curies":[{"name":"wp","href":"https:\/\/api.w.org\/{rel}","templated":true}]}}